eds digit of 602741349?
3
What is the thousands digit of 49732690?
2
What is the hundred millions digit of 928774455?
9
What is the tens digit of 109104861?
6
What is the tens digit of 72018926?
2
What is the hundreds digit of 779106441?
4
What is the ten thousands digit of 8872545?
7
What is the hundred thousands digit of 741832701?
8
What is the millions digit of 992447317?
2
What is the ten thousands digit of 141298297?
9
What is the ten thousands digit of 236444071?
4
What is the thousands digit of 7857235?
7
What is the tens digit of 102496117?
1
What is the millions digit of 3834213389?
4
What is the units digit of 256001037?
7
What is the millions digit of 154165087?
4
What is the millions digit of 883610584?
3
What is the thousands digit of 2524543565?
3
What is the hundred thousands digit of 584624028?
6
What is the thousands digit of 6259608?
9
What is the hundreds digit of 617881010?
0
What is the thousands digit of 16514407?
4
What is the hundred thousands digit of 248962509?
9
What is the units digit of 811987132?
2
What is the millions digit of 39429083?
9
What is the tens digit of 50167025?
2
What is the hundreds digit of 9824982?
9
What is the units digit of 1261254791?
1
What is the ten thousands digit of 1302891256?
9
What is the hundred millions digit of 209519451?
2
What is the ten millions digit of 1378769230?
7
What is the ten millions digit of 61996765?
6
What is the hundred thousands digit of 93007487?
0
What is the hundreds digit of 330680107?
1
What is the millions digit of 980708068?
0
What is the hundreds digit of 53023995?
9
What is the hundred thousands digit of 2455672278?
6
What is the ten millions digit of 406097889?
0
What is the ten millions digit of 486452459?
8
What is the units digit of 1207292573?
3
What is the tens digit of 405547628?
2
What is the hundreds digit of 752316434?
4
What is the hundreds digit of 1099957006?
0
What is the thousands digit of 1490140213?
0
What is the units digit of 989005428?
8
What is the hundred thousands digit of 17813806?
8
What is the hundred thousands digit of 91055978?
0
What is the units digit of 41415279?
9
What is the hundred millions digit of 267387268?
2
What is the ten millions digit of 4521614945?
2
What is the billions digit of 2288123671?
2
What is the ten millions digit of 143638426?
4
What is the hundred millions digit of 275588042?
2
What is the hundreds digit of 72943561?
5
What is the units digit of 21007776?
6
What is the units digit of 5253741?
1
What is the hundred thousands digit of 711043851?
0
What is the hundred millions digit of 1562278699?
5
What is the units digit of 7662510200?
0
What is the units digit of 418819259?
9
What is the ten thousands digit of 471593788?
9
What is the thousands digit of 37316713?
6
What is the thousands digit of 323314796?
4
What is the tens digit of 23512612?
1
What is the millions digit of 165206971?
5
What is the hundred thousands digit of 1633946088?
9
What is the tens digit of 193193837?
3
What is the ten thousands digit of 80554675?
5
What is the units digit of 292366654?
4
What is the ten millions digit of 512503059?
1
What is the hundreds digit of 63490069?
0
What is the hundreds digit of 1818223884?
8
What is the hundred millions digit of 555325201?
5
What is the tens digit of 3529140098?
9
What is the hundreds digit of 2916447455?
4
What is the hundreds digit of 78043929?
9
What is the millions digit of 688160560?
8
What is the hundred millions digit of 445745054?
4
What is the hundred millions digit of 378974057?
3
What is the ten millions digit of 3997526616?
9
What is the ten millions digit of 224555867?
2
What is the units digit of 3141607106?
6
What is the tens digit of 364784258?
5
What is the tens digit of 1636447796?
9
What is the hundred millions digit of 2497800138?
4
What is the units digit of 509706646?
6
What is the millions digit of 27122671?
7
What is the thousands digit of 737355100?
5
What is the hundred thousands digit of 240946036?
9
What is the hundred millions digit of 191980152?
1
What is the thousands digit of 2771853102?
3
What is the thousands digit of 56707359?
7
What is the thousands digit of 25211309?
1
What is the millions digit of 94670741?
4
What is the units digit of 290669604?
4
What is the ten thousands digit of 6106157?
0
What is the hundred millions digit of 336449629?
3
What is the thousands digit of 3786141005?
1
What is the tens digit of 87232256?
5
What is the hundred thousands digit of 8062251365?
2
What is the ten millions digit of 134542823?
3
What is the units digit of 28818895?
5
What is the thousands digit of 436391932?
1
What is the ten thousands digit of 534205514?
0
What is the tens digit of 206083655?
5
What is the hundred thousands digit of 1417807031?
8
What is the units digit of 56848672?
2
What is the millions digit of 16366357?
6
What is the tens digit of 2034126325?
2
What is the ten thousands digit of 1374144144?
4
What is the billions digit of 1206222918?
1
What is the millions digit of 240645070?
0
What is the hundred thousands digit of 100479506?
4
What is the ten millions digit of 487900336?
8
What is the hundred thousands digit of 127892183?
8
What is the ten millions digit of 143584498?
4
What is the hundred thousands digit of 4215569286?
5
What is the ten thousands digit of 545523840?
2
What is the units digit of 3546062959?
9
What is the units digit of 45728509?
9
What is the ten thousands digit of 48465595?
6
What is the ten thousands digit of 78725093?
2
What is the hundred thousands digit of 370263764?
2
What is the ten thousands digit of 41417503?
1
What is the ten millions digit of 1900147888?
0
What is the ten millions digit of 41386277?
4
What is the ten thousands digit of 1343484149?
8
What is the thousands digit of 1769766151?
6
What is the hundred millions digit of 226192530?
2
What is the thousands digit of 6284972024?
2
What is the hundred thousands digit of 255070385?
0
What is the tens digit of 9782474?
7
What is the ten thousands digit of 28507136?
0
What is the tens digit of 685315671?
7
What is the thousands digit of 7080948?
0
What is the ten millions digit of 42644819?
4
What is the tens digit of 237195?
9
What is the units digit of 489241247?
7
What is the millions digit of 1068278013?
8
What is the tens digit of 413373602?
0
What is the ten millions digit of 22510956?
2
What is the millions digit of 14942606?
4
What is the thousands digit of 41990593?
0
What is the millions digit of 5115724?
5
What is the thousands digit of 8705574?
5
What is the thousands digit of 27660098?
0
What is the ten millions digit of 1036927416?
3
What is the units digit of 168835584?
4
What is the ten millions digit of 5349943479?
4
What is the tens digit of 4775951100?
0
What is the ten millions digit of 39725702?
3
What is the units digit of 391451758?
8
What is the billions digit of 5246733170?
5
What is the billions digit of 1154003110?
1
What is the thousands digit of 59237960?
7
What is the tens digit of 3950735?
3
What is the hundreds digit of 3768159221?
2
What is the hundred thousands digit of 645134977?
1
What is the thousands digit of 912241194?
1
What is the units digit of 479564581?
1
What is the hundred millions digit of 170067339?
1
What is the millions digit of 68773497?
8
What is the thousands digit of 5974763199?
3
What is the millions digit of 15227284?
5
What is the ten thousands digit of 6239721120?
2
What is the ten millions digit of 369981831?
6
What is the hundreds digit of 71675398?
3
What is the hundred thousands digit of 18581824?
5
What is the hundred millions digit of 4962972168?
9
What is the thousands digit of 1256882583?
2
What is the tens digit of 38174967?
6
What is the thousands digit of 4407722396?
2
What is the thousands digit of 258042353?
2
What is the millions digit of 48118603?
8
What is the units digit of 177418835?
5
What is the tens digit of 53238253?
5
What is the ten millions digit of 162365467?
6
What is the units digit of 1552076831?
1
What is the millions digit of 14821665?
4
What is the units digit of 536559577?
7
What is the ten thousands digit of 23891553?
9
What is the tens digit of 2690113922?
2
What is the hundreds digit of 40188801?
8
What is the thousands digit of 2846663023?
3
What is 